e hundreds digit of m?
8
Suppose -3*a = 88 + 149. Let t be (-1 - 1) + a/1. Let g = t - -160. What is the units digit of g?
9
Let n(r) = 22*r**2 - 128*r - 5. What is the thousands digit of n(-8)?
2
Let t = -307 + 479. Suppose h - 27 = 4*m, 2*m - 27 = -h - 2*m. Let x = t + h. What is the hundreds digit of x?
1
Let b be 1 - -11*(0 + -2). Suppose 0 = -k + 3*p + 37 + 93, k = 4*p + 134. Let r = k - b. What is the hundreds digit of r?
1
Let k = 33 - -185. Let s = 279 - k. What is the tens digit of s?
6
Suppose -2*t - 1488 = 5*a - 72116, -5*t + 176669 = -4*a. What is the units digit of t?
9
What is the ten thousands digit of (24/9)/((-14661)/44001 + 3/9)?
1
Let i = -21275 - -26967. What is the tens digit of i?
9
Suppose -57*o + 53*o - 5*j + 26663 = 0, 5*o - 33332 = -3*j. What is the thousands digit of o?
6
Suppose -22*t + 33*t = 0. What is the units digit of ((-780)/(t + -1))/(12 + -11)?
0
Let d(r) = 4*r + 32. Let b be d(-6). Suppose -b*c + 802 = -2334. What is the tens digit of c?
9
Suppose 11*o = -o. Suppose 0 = -3*k - 3*q - q - 12, o = 5*q + 15. Suppose -4*i = -k*i - 24. What is the units digit of i?
6
Suppose 12*n + 8*n - 180 = 0. Suppose -4*v + 20 = 0, -4*u + 5*v - 1270 = -n*u. What is the tens digit of u?
4
Let n(i) be the first derivative of -31*i**2 + 28*i + 82. What is the units digit of n(-8)?
4
Let r be -482*(0 + -2)/(1/(-11)). What is the tens digit of 10/65 + r/(-26)?
0
Let u be (-6)/((-12)/3 - -3). Suppose 0 = -7*t + u*t + 7. Suppose 3*n - 15 = 2*i + t, 3*n = 5*i + 37. What is the units digit of n?
4
Let s = -7008 + 10746. What is the units digit of (-8)/(-12)*s/28?
9
Suppose 3*a - 2*r - 6 = 0, -2*r + 2 = -a - 0*a. Suppose -g + 4 = -a*z, 3*z + 1 + 2 = -g. Suppose 0 = 6*o - g*o - 252. What is the tens digit of o?
4
Let j(t) = t**3 - 14*t**2 + 7. Let b be j(14). Let k be 17/(-4) + b/28. What is the units digit of -2*1*-18 + k?
2
Let z = 14 - 8. Suppose 0*m - z = 3*m. What is the tens digit of m*(-3)/6 + 43?
4
Let f be (1/(-2))/((-3)/12). Suppose 0 = -5*j + f*x + 64, -3*x = 5*j - x - 76. Suppose -j*v + v = -1105. What is the units digit of v?
5
Let w = -717 + 1230. Let n(k) = -8*k - 280. Let u be n(-3). Let a = w + u. What is the hundreds digit of a?
2
What is the tens digit of (-22)/99 - (-449540)/117?
4
Suppose -16*i + 8 = -20*i. Let l be i/8 + 4*(-4)/(-64). Let g(a) = -a**3 + 2*a**2 + 170. What is the tens digit of g(l)?
7
Let y = 334 + -334. Suppose y = 2*c - 2*o - 1682, -4783 = -5*c + o - 590. What is the units digit of c?
8
Let f = 108 - 107. What is the tens digit of 460 + 8 + (-2 - f)?
6
Suppose 2*z - 1987 = -9*c + 6*c, 5*z + 2657 = 4*c. Let b = c + -221. What is the units digit of b?
2
Suppose 3 - 2 = -2*n - d, -5*d - 19 = 3*n. Suppose -n*u = -7*q + 8*q - 1154, 4*q - 3*u = 4605. What is the hundreds digit of q?
1
Let o = -19 + 21. Suppose o*z - 893 = 8*p - 3*p, p + 193 = 4*z. Let v = -84 - p. What is the tens digit of v?
9
Let c be 6*(-2)/4 - -267. Suppose 229 = 2*g + 5*r, g + g - c = 2*r. Suppose 5*i = -w + 698, 0 = i - 7*w + 3*w - g. What is the hundreds digit of i?
1
What is the units digit of 10003 - 12/(-48)*-56?
9
Let d(u) = 40*u**2 - 80*u - 610. What is the hundreds digit of d(-20)?
9
Let l(p) = 19*p**2 + 25*p - 22. What is the hundreds digit of l(-44)?
6
Let y(a) = 2*a - 40. Let p be y(22). Suppose -2*n + p*n = 5*h - 14, -5*h + 2 = 4*n. What is the units digit of 1 + (n/(-4))/(2/28)?
8
Suppose -2442 = -11*i + 5236. Let o = i + -220. What is the tens digit of o?
7
Suppose -30 = -18*h - 12. Let g(q) = 309*q - 21. What is the hundreds digit of g(h)?
2
Let r(o) = 719*o**3 - 8*o**2 + 78*o - 130. What is the units digit of r(4)?
0
Let t(v) = 7202*v + 3876. What is the ten thousands digit of t(10)?
7
Let o be 30/20*(-16)/(-6). Suppose 5*z = -j + 72, 9*j - 45 = -o*z + 4*j. What is the units digit of z/6 + -3 + (-179)/(-2)?
9
Suppose -5653 = 27*q - 28*q + 4*n, -2*n - 6 = 0. What is the hundreds digit of q?
6
Suppose 2*q + 3*o - 1808 = 0, 0*q - 893 = -q + 4*o. Suppose -u - 3*u + 12 = 0, -3*u + q = 4*l. What is the hundreds digit of l?
2
Let m = 34108 + -32657. What is the thousands digit of m?
1
Let r(i) = -4 - 2 - 1 + i. What is the units digit of r(13)?
6
What is the tens digit of (-2 + 4)*(-325457)/(-22) + 5?
9
Suppose -y + 1 = -1. Suppose 3*s = -2*s - 4*r, 23 = y*s - 3*r. Suppose 4*a + 2*f = 526 - 112, -412 = -4*a - s*f. What is the hundreds digit of a?
1
Let q(n) = n**3 + 11*n**2 - 4*n - 1. Let s(i) = -i**2 + 6. Let j be s(-4). Let k be q(j). Let h = k - 80. What is the units digit of h?
9
Let z(i) = 9*i + 187. Let d be z(-21). Let j(c) = -57*c**3 - 8*c**2 - 7*c + 6. What is the units digit of j(d)?
4
Let f be (-15)/(-6)*(-24)/(-30). Suppose -3*q + f*j + 648 = -257, 0 = -4*q + j + 1215. What is the units digit of q?
5
Suppose 9*n + 14 = 8*n. Let u = n - -14. Suppose 12*v - 658 - 1658 = u. What is the hundreds digit of v?
1
Let n be (-5)/(15/(-4284)) - (-17 + 20). Let t = -475 + n. What is the hundreds digit of t?
9
Let j = -16554 - -60309. What is the hundreds digit of j?
7
Let x(n) = -n**3 + 30*n**2 + 2*n + 9. Suppose -19*d = 6*d - 750. What is the units digit of x(d)?
9
Let c = 3 - -1. Suppose 4*o + 5*r = 1225, 0*r + 1217 = c*o - 3*r. What is the tens digit of o?
0
Let d(b) = -b**2 - 8*b + 33. Let s be d(-11). Suppose s = 3*z - 2*z - 5*g - 263, 2*z + 4*g - 540 = 0. What is the tens digit of z?
6
Let n(a) be the third derivative of 19*a**6/720 - 7*a**5/24 - 7*a**4/6 - 9*a**2. Let u(m) be the second derivative of n(m). What is the tens digit of u(3)?
2
Let f(n) = 19*n + 3 + 3*n + 11*n. Let w be f(3). Suppose y + 2*y - w = 0. What is the units digit of y?
4
Suppose 3*l + 12 = 0, 4*k + l - 3*l = 49096. Suppose k = 83*m - 67*m. What is the hundreds digit of m?
7
Suppose o = 4*o + 3*x - 78, -o = -4*x - 46. What is the thousands digit of (0 - 3) + 20/o*1731?
1
Suppose -4*l = 3*n - 2546, 0 = 5*l + 3*n - 1866 - 1315. Let f = l + -591. What is the tens digit of f?
4
Let z = -397 + 399. Suppose r - 3*i - 13 = 12, -3*r + 23 = 4*i. What is the units digit of -1*-18*r/z?
7
Suppose 2*m + 0 = -4*t + 2, 4*t = 4*m - 28. Suppose 0 = 5*f + z - 2137, 216 = 2*f - m*z - 628. What is the units digit of f?
7
Let l(w) = -8402*w - 682. What is the units digit of l(-2)?
2
Suppose 70 = v + 67. Suppose -v*x + 20 + 10 = 0. What is the hundreds digit of (3 - x/4)*444?
2
Let x(u) = 23*u + 17. Let f be x(9). Suppose -4*j + 4 + f = 0. Let i = j + 34. What is the tens digit of i?
9
Suppose 3*h + 3 = 0, 5*m - 779 = -3*h + 3. Suppose 0 = -t - 4, -p = -4*p - 4*t + 2435. Suppose 4*a + m - p = 0. What is the units digit of a?
5
Suppose 8*x = -9*x + 85. What is the units digit of (-41)/(-6 - (x - 10))?
1
Suppose 1263 = 4*y - 4*p + 519, -5*y + 2*p = -945. Let v = -118 + y. Let d = v + -7. What is the units digit of d?
6
Suppose -3*v + v + 96 = 0. Suppose 32*z = 24*z + v. Suppose 2*s = z*s - 32. What is the units digit of s?
8
Let c = -38654 + 60360. What is the ten thousands digit of c?
2
Suppose 14*h = 10*h + 64. Let d(z) = 10 + h*z + 17*z + 17. What is the hundreds digit of d(3)?
1
Suppose 11*y - 233 = 86. Suppose -t + y = -27. Suppose t + 186 = 2*n. What is the tens digit of n?
2
Suppose 554*g - 134*g = 25000920. What is the tens digit of g?
2
Suppose -344*o = -273*o - 281799. What is the thousands digit of o?
3
Let x be (0 - 2/(-13)) + 37/13. Suppose -x*o + 478 = 2*o - a, 6 = -2*a. What is the tens digit of o - (-2 + 5 + -1)?
9
Suppose 22 = -3*m + 28. What is the tens digit of 467/m - 15/(-30)?
3
Suppose -4*u + 885 = 3*x, 12 = -9*u + 5*u. Let n = x + -266. What is the units digit of n?
3
Let k be 1*3/2*2. Let c = -13 + 829. Suppose k*d = 9*d - c. What is the tens digit of d?
3
Let h be (96/(-20) + 4)/((-2)/10). Suppose 5*c + 692 = h*o, 0*o + 4*o + c = 716. Suppose -3*t + 2*d - 184 = -4*t, d + o = t. What is the units digit of t?
0
Suppose -1733 = 3*g - 1745. Suppose g*j - s - 4456 = 0, -2228 = 6*j - 8*j - 2*s. What is the hundreds digit of j?
1
Let c = -19982 + 31501. What is the units digit of c?
9
Let d(q) = -4*q**2 - q + 0*q**2 - q + 3*q**2 + 578. Let t be d(0). Suppose 142 + t = 10*f. What is the units digit of f?
2
Let g(f) = -f**3 + 94*f**2 + 2149*f - 320. What is the ten thousands digit of g(109)?
5
Suppose -4*i - 42 = -2*i. Let f = 33 + i. What is the 